{"id":20,"date":"2012-09-28T10:58:50","date_gmt":"2012-09-28T08:58:50","guid":{"rendered":"http:\/\/clark.tipistrani.it\/?page_id=20"},"modified":"2025-05-24T23:13:54","modified_gmt":"2025-05-24T21:13:54","slug":"my-job","status":"publish","type":"page","link":"http:\/\/clark.tipistrani.it\/?page_id=20","title":{"rendered":"My job"},"content":{"rendered":"<p>Se per caso non fosse ancora chiaro sono un <a href=\"http:\/\/it.wikipedia.org\/wiki\/Sysadmin\" target=\"_blank\" rel=\"noopener noreferrer\">SysAdmin<\/a> e lavoro al 90% con <a href=\"http:\/\/it.wikipedia.org\/wiki\/Linux\" target=\"_blank\" rel=\"noopener noreferrer\">Linux<\/a> pi\u00f9 precisamente con <del><a href=\"http:\/\/debian.org\" target=\"_blank\" rel=\"noopener noreferrer\">Debian<\/a><\/del> <a href=\"https:\/\/www.devuan.org\">Devuan<\/a>.<br \/>\nAl di la delle facili battute che girano nell&#8217;ambiente e che siamo noi stessi ad alimentare per primi, questa professione \u00e8 tanto affascinante quanto impegnativa, oltre ad essere del tutto invisibile o quasi al mondo dell&#8217;utenza.<\/p>\n<p>Questa sar\u00e0 la parte pi\u00f9 ricca e attiva del sito, qui scriver\u00f2 le mie esperienze sia per tenerne traccia nel caso in cui dovessi rifare a distanza di tempo un certo lavoro, sia per condividere la mia conoscenza e se possibile evitare che qualcuno si danni l&#8217;esistenza pi\u00f9 del dovuto a cercare una via che lo porti a una soluzione.<br \/>\n\u00c8 chiaro che queste non sono le migliori soluzioni, sono delle\u00a0 soluzioni che funzionano e a me tanto basta.<\/p>\n<p>Due o tre &#8220;convenzioni&#8221; che aiutano a capire un poco meglio il contesto in cui ci troviamo,<\/p>\n<p>A) Tutte le mie macchine hanno il nome di una nave della Marina Militare Italiana<br \/>\nB) Per quanto possibile e per quanto utile i link puntano a wikipedia salvo casi particolari in cui puntano a siti specifici per prodotti o situazioni troppo complesse da poter liquidare con una semplice definizione.<br \/>\nC) Salvo diversamente e specificatamente indicato ad inizio pagina ci si riferisce sempre a installazioni realizzate con <del>Debian<\/del>\u00a0 Devuan e normalmente con versione stable.<\/p>\n<p><a href=\"http:\/\/clark.tipistrani.it\/?p=2169\">Bastion host<\/a><br \/>\n<a title=\"Chroot\" href=\"http:\/\/clark.tipistrani.it\/?p=33\">chroot<\/a><br \/>\n<a title=\"Cluster\" href=\"http:\/\/clark.tipistrani.it\/?page_id=600\">Cluster<\/a><br \/>\n<a title=\"CRM\" href=\"http:\/\/clark.tipistrani.it\/?page_id=376\">CRM<\/a><br \/>\n<a href=\"http:\/\/clark.tipistrani.it\/?p=2044\">Devuan<\/a><br \/>\n<a title=\"DHCP Server\" href=\"http:\/\/clark.tipistrani.it\/?p=154\">DHCP<\/a><br \/>\n<a title=\"Server DNS in chroot\" href=\"http:\/\/clark.tipistrani.it\/?page_id=1803\">DNS<br \/>\n<\/a><a href=\"http:\/\/clark.tipistrani.it\/?p=1317\">Fail2ban<\/a><br \/>\n<a href=\"http:\/\/clark.tipistrani.it\/?p=1139\">Firewall<\/a><br \/>\n<a title=\"FTP\" href=\"http:\/\/clark.tipistrani.it\/?p=28\">FTP<br \/>\n<\/a><a href=\"http:\/\/clark.tipistrani.it\/?p=2586\">FrankenWindows<\/a><br \/>\n<a href=\"http:\/\/clark.tipistrani.it\/?page_id=2463\">GPOs<\/a><br \/>\n<a href=\"http:\/\/clark.tipistrani.it\/?p=1263\">HA<\/a><br \/>\n<a href=\"http:\/\/clark.tipistrani.it\/?page_id=1369\">IDS<\/a><br \/>\n<a title=\"Kernel\" href=\"http:\/\/clark.tipistrani.it\/?page_id=1006\">Kernel<\/a><br \/>\n<a href=\"http:\/\/clark.tipistrani.it\/?p=2026\">Logging<\/a><br \/>\n<a title=\"Monitoraggio Hard Disks\" href=\"http:\/\/clark.tipistrani.it\/?page_id=962\">Monitoraggio Hard Disks<\/a><br \/>\n<a title=\"My Pub Key\" href=\"http:\/\/clark.tipistrani.it\/?p=198\">My Pub Key<\/a><br \/>\n<a title=\"NetworkManager\" href=\"http:\/\/clark.tipistrani.it\/?p=538\">NetworkManage<\/a>r (KDE)<br \/>\n<a title=\"OpenVPN\" href=\"http:\/\/clark.tipistrani.it\/?page_id=458\">OpenVPN<br \/>\n<\/a><a href=\"http:\/\/clark.tipistrani.it\/?p=1322\">Portsentry<\/a><br \/>\n<a title=\"Proxy parent ovvero come creare una catena di proxy che facciano ognuno un lavoro diverso\" href=\"http:\/\/clark.tipistrani.it\/?p=317\">Proxy<\/a><br \/>\n<a href=\"http:\/\/clark.tipistrani.it\/?page_id=1645\">Samba 4<\/a><br \/>\n<a title=\"Script\" href=\"http:\/\/clark.tipistrani.it\/?page_id=24\">script<br \/>\n<\/a><a title=\"Tips &amp; Tricks\" href=\"http:\/\/clark.tipistrani.it\/?page_id=544\">Tips &amp; tricks<\/a><br \/>\n<a href=\"http:\/\/clark.tipistrani.it\/?page_id=1663\">Virtualizzazione<\/a><a title=\"Script\" href=\"http:\/\/clark.tipistrani.it\/?p=1303\"><br \/>\nZendto<br \/>\n<\/a><\/p>\n<div id=\"link64_adl_tabid\" style=\"display: none;\" data-url=\"http:\/\/clark.tipistrani.it\/wp-admin\/post.php?post=20&amp;action=edit\">654<\/div>\n","protected":false},"excerpt":{"rendered":"<p>Se per caso non fosse ancora chiaro sono un SysAdmin e lavoro al 90% con Linux pi\u00f9 precisamente con Debian Devuan. Al di la delle facili battute che girano nell&#8217;ambiente e che siamo noi stessi ad alimentare per primi, questa professione \u00e8 tanto affascinante quanto impegnativa, oltre ad essere del tutto invisibile o quasi al [&hellip;]<\/p>\n","protected":false},"author":2,"featured_media":0,"parent":8,"menu_order":0,"comment_status":"open","ping_status":"open","template":"","meta":{"footnotes":""},"class_list":["post-20","page","type-page","status-publish","hentry"],"_links":{"self":[{"href":"http:\/\/clark.tipistrani.it\/index.php?rest_route=\/wp\/v2\/pages\/20","targetHints":{"allow":["GET"]}}],"collection":[{"href":"http:\/\/clark.tipistrani.it\/index.php?rest_route=\/wp\/v2\/pages"}],"about":[{"href":"http:\/\/clark.tipistrani.it\/index.php?rest_route=\/wp\/v2\/types\/page"}],"author":[{"embeddable":true,"href":"http:\/\/clark.tipistrani.it\/index.php?rest_route=\/wp\/v2\/users\/2"}],"replies":[{"embeddable":true,"href":"http:\/\/clark.tipistrani.it\/index.php?rest_route=%2Fwp%2Fv2%2Fcomments&post=20"}],"version-history":[{"count":49,"href":"http:\/\/clark.tipistrani.it\/index.php?rest_route=\/wp\/v2\/pages\/20\/revisions"}],"predecessor-version":[{"id":2588,"href":"http:\/\/clark.tipistrani.it\/index.php?rest_route=\/wp\/v2\/pages\/20\/revisions\/2588"}],"up":[{"embeddable":true,"href":"http:\/\/clark.tipistrani.it\/index.php?rest_route=\/wp\/v2\/pages\/8"}],"wp:attachment":[{"href":"http:\/\/clark.tipistrani.it\/index.php?rest_route=%2Fwp%2Fv2%2Fmedia&parent=20"}],"curies":[{"name":"wp","href":"https:\/\/api.w.org\/{rel}","templated":true}]}}